 common divisor of p and 352.
32
Suppose 0 = -60*n - 10*n + 1400. Calculate the greatest common factor of n and 148.
4
Let g = 120 + -70. Suppose -4*r + g = -m, -28 = -5*r + 2*r - 4*m. Let u be 8/(r/3) - -1. What is the greatest common divisor of 6 and u?
3
Suppose 0 = 4*t - 2*t - 84. Let z be -4 - (-2 + 1 - t). What is the highest common factor of 13 and z?
13
Let t(u) = u**2 - 14*u - 150. Let b be t(-13). Calculate the highest common divisor of 134 and b.
67
Let j(q) = q**3 + 43*q**2 - 178*q - 101. Let z be j(-46). What is the highest common divisor of z and 47?
47
Let w(f) = -f + 3. Let n(b) = 14 - 10 + 6*b + 0*b. Let g be n(-3). Let l be w(g). Calculate the highest common divisor of 34 and l.
17
Suppose 0 = -j - 0*j + 3*i + 38, i + 260 = 5*j. Suppose -8*m + 75 = -j. What is the greatest common divisor of 16 and m?
16
Suppose 0 = p + 3. Let a be (p + 5)*-2 + 5. Calculate the highest common factor of a and 2.
1
Let i(x) = 3*x + 3. Suppose 0 = 4*m - 15 + 3. Let f be i(m). Suppose -4*u + 84 + f = 0. Calculate the highest common divisor of 36 and u.
12
Let r = 28 + -20. Suppose -2*w = 2*w + 112. Let g = 52 + w. Calculate the greatest common factor of r and g.
8
Suppose 696 = 4*s - d, 3*s + d - 513 = 4*d. Calculate the highest common divisor of 7 and s.
7
Let h(i) = -9*i**2 - 234*i - 3. Let q be h(-25). Calculate the greatest common factor of 12 and q.
6
Suppose 0*d + d - 71 = 0. Suppose -4*n + d = -157. Calculate the highest common factor of n and 19.
19
Let s(l) = l - 8. Let o be s(13). Let c = o - 25. Let n = 120 + c. What is the greatest common factor of n and 20?
20
Let w be -1 + 45 + -13 + 12. Suppose 3*p - w = -16. Calculate the highest common divisor of p and 9.
9
Let l(t) = t**2 + 12*t + 12. Let q be l(-10). Let n(r) = -5*r + 7. Let b be n(q). Calculate the highest common factor of 47 and b.
47
Let u(v) be the second derivative of v**4/12 - v**3/6 - 2*v**2 + 42*v. Let m be u(3). What is the greatest common divisor of m and 10?
2
Let u = 2114 + -1689. What is the greatest common divisor of 51 and u?
17
Suppose 72*h - 75*h + 1692 = 0. What is the highest common divisor of 12 and h?
12
Let f = 318 + -221. Let c = f - 58. Let y(h) = -2*h + 3. Let u be y(-5). What is the highest common factor of c and u?
13
Let a(o) = -o**2 + 3*o - 7. Let h be a(9). Let j = h + 16. Let z = -21 - j. Calculate the greatest common divisor of 36 and z.
12
Let t = 44 - 15. Let l = 43 - t. Calculate the greatest common divisor of l and 126.
14
Let d(n) be the first derivative of n**4/4 - 4*n**3 + 11*n**2/2 + 2*n - 7. Let x be d(11). Calculate the highest common divisor of x and 4.
2
Suppose -x - 4*l = -18 - 98, 5*x = -4*l + 660. Suppose 5*h - 9*h = x. Let t = 50 + h. Calculate the highest common factor of 40 and t.
8
Let p = -375 - -693. Calculate the greatest common factor of 6 and p.
6
Suppose -383*o = -389*o + 768. What is the greatest common divisor of 320 and o?
64
Let b(x) = -5*x + 48. Let k be b(-21). Let i = 43 - 26. What is the highest common divisor of k and i?
17
Let g be (1 + (-21)/15)/(1/(-75)). Let c be 1/(3/15*-1). Let z be 9 + -3 + 5 + c. What is the highest common factor of g and z?
6
Let m(z) = -2*z**2 - 31*z + 59. Let p be m(-17). What is the greatest common divisor of p and 928?
8
Let m(t) = 9*t + 66. Let q be m(0). What is the highest common divisor of q and 30?
6
Let z(f) = 35*f**3 + 3*f**2 - 3*f + 4. Let o be z(2). Calculate the highest common divisor of o and 10.
10
Suppose 110 = -10*n + 260. What is the greatest common divisor of 345 and n?
15
Let l be (3/2*-2)/(-1). Let m be ((-3)/(-9))/(l + 348/(-117)). Suppose 0 = -5*b + 302 + 153. What is the highest common factor of b and m?
13
Suppose 24*f = 10*f + 28. Let z = -5 + -2. Let j(x) = -x**3 - 8*x**2 - 8*x - 3. Let s be j(z). Calculate the greatest common divisor of f and s.
2
Suppose 6*n - 2*n + f - 242 = 0, -3*f = -n + 54. Let z(q) = q**3 + 5*q**2 - 2*q. Let k be z(-5). What is the greatest common divisor of k and n?
10
Let d(n) = -4*n**2 - 9*n + 21. Let o be d(9). Let u be o/(-27) - (1 + 21/(-27)). Calculate the highest common divisor of 28 and u.
14
Let r(h) = 3*h**2 - 22*h - 6. Let v be r(10). Suppose 0 = 9*u - 8*u - v. Calculate the highest common divisor of 111 and u.
37
Let u = 145 + -31. Suppose -u = 7*x - 9*x. What is the highest common divisor of 38 and x?
19
Let i be ((-18)/(-45))/((-2)/(-100)). Let p = -156 - -160. What is the greatest common divisor of p and i?
4
Let w = -237 - -238. What is the greatest common factor of 4 and w?
1
Suppose -21*r + 23*r = 0. Suppose -2*s + 7*s - 40 = r. What is the highest common factor of s and 88?
8
Suppose -2*x - u = -3*u + 8, 0 = 3*u - 12. Let z(d) = d + 16. Let c be z(x). Calculate the highest common divisor of c and 2.
2
Let j(f) = 16*f**3 + 2*f**2 - 2*f + 3. Suppose -n - 19 = -21. Let t be j(n). Suppose 0*q + t = 3*q. What is the greatest common divisor of 9 and q?
9
Suppose l = 5*y + 229, -2*y - 4 - 6 = 0. Let f be (458 - 462)/(1*(-1)/3). Calculate the greatest common divisor of l and f.
12
Let w(s) = 8*s**2 + 8*s + 16. Let o be w(-5). What is the highest common divisor of 33 and o?
11
Let l = -4 - -15. Let o(m) = 12*m + 179. Let r be o(-14). Calculate the highest common factor of r and l.
11
Let r(m) = m**3 - m**2 - m - 2. Let t be r(3). What is the highest common factor of t and 689?
13
Let p(t) = t**2 - 3*t + 11. Let o be p(3). Suppose -25 - o = -4*j. Let v = 12 - -24. What is the greatest common divisor of v and j?
9
Suppose 4*j = 2*j + 208. Suppose -6*i + 7*i - 20 = -2*a, 0 = 5*a + 3*i - 52. What is the highest common factor of j and a?
8
Let l(m) = m**2 - 5*m - 10. Let s be l(8). Suppose 1 = 3*c - s. Calculate the highest common factor of 25 and c.
5
Let z be (10/3 + 1)/(14/(-210)). Let l = 70 - z. Calculate the greatest common factor of l and 15.
15
Let u be 392352/4128 - (-4)/(-86). Calculate the highest common factor of u and 15.
5
Suppose -3*z + 3*t + 78 = 0, -10 = -z - 3*t + 12. Suppose -2*l + z + 1 = 0. What is the highest common factor of 13 and l?
13
Let g(b) be the second derivative of b**4/12 + 2*b**3/3 - 6*b**2 - 19*b. Let q be g(9). What is the highest common factor of 35 and q?
35
Let s = 18 + -18. Let a(f) = -f**2 + f + 5. Let j be a(s). Let h be -24*-2*(-5)/(-6). Calculate the greatest common factor of h and j.
5
Suppose 2*b + w = b + 17, 44 = 4*b - 4*w. Let i be 3421/77 + (-6)/b. What is the highest common divisor of i and 11?
11
Suppose 4*a = 393 - 41. What is the highest common divisor of 308 and a?
44
Suppose -148 = -4*s - 3*r, 0*r - r = -5*s + 166. Suppose 5*l + 4 - s = 0. Let c = 5346 - 5304. Calculate the highest common divisor of c and l.
6
Let b(n) = -n**3 - 4*n**2 + 2*n - 1. Let r be b(-6). Suppose 5*f + r = 189. What is the greatest common divisor of 78 and f?
26
Let b be (-2)/5 - (-351)/15. What is the highest common factor of b and 184?
23
Let q = 136 + -93. Suppose 48*p - 300 = q*p. Calculate the highest common factor of 30 and p.
30
Suppose 23*v = 21*v + 6. Suppose w + 2*l = 36 - 0, 5*l = -v*w + 111. Calculate the highest common divisor of w and 12.
6
Suppose 0 = 5*u - 3*u - n - 225, -3*n = 5*u - 590. What is the greatest common factor of u and 5?
5
Let p = 61 - 61. Let c be 26 + p/(0 - -3). Calculate the greatest common divisor of c and 104.
26
Let d be 1/((-11)/(-936)) - 13/143. What is the highest common factor of 68 and d?
17
Suppose 64 = -4*r - 4*h + 220, -2*h - 62 = -2*r. Calculate the highest common factor of 119 and r.
7
Let l(f) = -f**3 - 7*f**2 + 31*f + 11. Let h be l(-10). Calculate the highest common factor of h and 4.
1
Let o(a) = -34*a + 2. Let p be o(-1). Suppose -5*u - 2*z = -100, -5*z - 52 = -4*u - z. Calculate the highest common factor of p and u.
18
Let h = 99 + -139. Let x be (-3 + -1)*20/h. What is the greatest common divisor of x and 6?
2
Let u = -23 + 82. Let p = 123 - u. Calculate the highest common factor of 16 and p.
16
Let i be (9/6*1)/((-13)/(-234)). What is the highest common divisor of 72 and i?
9
Suppose -18*x = -15*x - 24. Let d(m) = 3*m - 16. Let f be d(x). What is the greatest common divisor of f and 20?
4
Suppose 1 = -l - 2*t, -3*l = t - 38 + 16. Suppose -5*p + l = -6. Suppose 4*z + 4*v = -0*z + 108, -v - p = 0. Calculate the highest common divisor of z and 90.